ve g(-1).
-27
Let t(o) = -3*o**3 + o - 1. Give t(2).
-23
Let r(n) = -n**3 + 4*n**2 + 3*n + 3. Determine r(3).
21
Let t(i) = -33*i + 159. Calculate t(5).
-6
Let j(a) = -13*a + 32. Determine j(-7).
123
Let d(u) = -5*u - 191. Give d(-40).
9
Let u(t) = t**2 + 12*t + 26. Determine u(-8).
-6
Let r(d) = -2*d**3 + d**2. Calculate r(1).
-1
Let a(s) = -s**3 + 6*s**2 + 4*s + 1. Calculate a(4).
49
Let u(p) = 2*p**2 + 8*p + 10. Calculate u(-4).
10
Let y(s) = -s - 32. Calculate y(5).
-37
Let y(x) = -5*x**2 - 1. Determine y(-2).
-21
Let w(p) = -p**2 + 2*p + 7. Calculate w(4).
-1
Let f(n) = -n**3 + 2*n**2 + n + 1. Determine f(2).
3
Let f(l) = -3*l + 45. Calculate f(17).
-6
Let d(y) = 2*y + 25. What is d(-13)?
-1
Let u(d) = -3*d + 4. Calculate u(2).
-2
Let w(l) = l**2 + 9*l + 4. What is w(-8)?
-4
Let g(d) = 14*d + 40. Give g(-4).
-16
Let a(v) = 113*v - 799. Give a(7).
-8
Let o(v) = -2*v**2 + 25*v - 71. Give o(9).
-8
Let a(v) = -9*v + 1. Determine a(-2).
19
Let a(m) = 2*m**2 + 9*m + 3. Determine a(-2).
-7
Let o(z) = 4*z + 45. Give o(-8).
13
Let l(f) = -f**2 + 9*f + 27. Calculate l(9).
27
Let p(k) = -7*k + 36. Calculate p(9).
-27
Let d(l) = -l**3 - 12*l**2 - 25*l - 27. What is d(-10)?
23
Let s(v) = -v**3 - 40*v**2 + 44*v + 118. Calculate s(-41).
-5
Let l(r) = -r**3 - 12*r**2 + 2*r + 20. Calculate l(-12).
-4
Let x(b) = -b**2 - 9*b - 24. Calculate x(-7).
-10
Let z(t) = 3*t - 4. What is z(3)?
5
Let z(o) = 76*o + 318. Give z(-4).
14
Let b(g) = -g**2 - 48. What is b(-10)?
-148
Let i(w) = -w**3 + 7*w**2 - 2*w - 7. Determine i(7).
-21
Let n(g) = 4*g + 70. Determine n(-16).
6
Let v(u) = -u**3 + 6*u**2 - 8*u - 2. Determine v(5).
-17
Let u(h) = -h**3 + 11*h**2 + 28*h - 14. Calculate u(13).
12
Let m(k) = -k**2 - 13*k - 40. Determine m(-11).
-18
Let v(y) = -y**3 + 5*y**2 - 2*y - 9. Give v(4).
-1
Let l(o) = -4*o + 5. Determine l(4).
-11
Let t(u) = 3*u**2 + u - 118. What is t(6)?
-4
Let x(i) = -18*i**2 - 15*i - 1. Calculate x(-1).
-4
Let l(d) = -d**3 - 8*d**2 - 6*d + 3. Determine l(-7).
-4
Let a(x) = -4*x - 75. What is a(-23)?
17
Let l(n) = n + 19. Calculate l(-13).
6
Let p(g) = -g**2 - 13*g - 22. Calculate p(-11).
0
Let y(k) = k - 9. What is y(4)?
-5
Let b(o) = 2*o**2 + 2*o - 1. Give b(4).
39
Let t(u) = 2*u**2 - 25*u - 18. Give t(13).
-5
Let w(l) = 3*l**2 + 2*l - 2. Give w(-2).
6
Let w(a) = 2*a**2 - 8*a - 14. What is w(9)?
76
Let o(t) = t**3 + 6*t**2 + 6*t + 9. Determine o(-5).
4
Let r(i) = -16*i**2 + 26*i + 25. Determine r(-1).
-17
Let w(s) = s**2 - 7*s + 10. What is w(9)?
28
Let a(c) = c**2 + 9*c - 14. What is a(-9)?
-14
Let w(i) = -i + 21. Give w(23).
-2
Let c(h) = 2*h**2 - 11*h - 10. What is c(11)?
111
Let p(x) = 6*x + 1. Calculate p(3).
19
Let i(j) = j**2 + 4*j + 1. What is i(-5)?
6
Let h(b) = -b**3 + 44*b**2 - 42*b - 22. Give h(43).
21
Let u(g) = -g**3 - 5*g**2 + 7*g - 5. Give u(-6).
-11
Let w(h) = -9*h + 24. Determine w(0).
24
Let s(w) = w + 14. Determine s(2).
16
Let d(h) = h**3 + h**2 + 3*h + 3. What is d(-4)?
-57
Let p(l) = -2*l**2 - 7*l - 1. Give p(-5).
-16
Let n(v) = 4*v - 10. What is n(3)?
2
Let n(g) = -4*g + 90. Give n(24).
-6
Let w(d) = -11*d**3 - 2*d**2 + 1. Give w(1).
-12
Let g(z) = 9*z - 242. Calculate g(26).
-8
Let t(l) = -9*l - 130. Determine t(-12).
-22
Let h(r) = -r**2 + 11*r - 7. Calculate h(9).
11
Let t(f) = -f**2 - 9*f + 16. Give t(-11).
-6
Let q(j) = -j**2 - j + 6. Give q(0).
6
Let c(z) = -3*z. What is c(-11)?
33
Let d(s) = -s**2 + 2*s + 10. What is d(-3)?
-5
Let q(r) = r**2 + 9*r + 5. Calculate q(-5).
-15
Let j(t) = 26*t - 99. Determine j(4).
5
Let u(y) = y**2 - 6*y - 4. What is u(8)?
12
Let i(v) = -64*v**2 + 2*v. Calculate i(1).
-62
Let z(s) = -2*s**2 + 5*s - 11. Calculate z(4).
-23
Let x(s) = -2*s**2 - 6*s - 1. What is x(-2)?
3
Let a(y) = -y**2 - 25*y + 22. Determine a(-25).
22
Let b(h) = h**2 - 7. Determine b(0).
-7
Let p(c) = 5*c - 7. Give p(2).
3
Let t(u) = -4*u**2 + 38*u - 65. Determine t(7).
5
Let r(y) = -3*y + 1. Calculate r(-1).
4
Let x(v) = -v + 7. What is x(1)?
6
Let w(b) = 2*b**2 + 19*b + 38. Calculate w(0).
38
Let l(f) = f**3 - 12*f**2 + 26*f + 3. What is l(9)?
-6
Let a(d) = -6*d**3 - d. Calculate a(-1).
7
Let f(d) = 5*d - 5. Give f(-7).
-40
Let o(q) = -16*q - 129. Give o(-9).
15
Let m(p) = 29*p. Determine m(4).
116
Let k(v) = v**3 + 14*v**2 + 23*v - 17. Give k(-12).
-5
Let f(r) = -2*r**2 - 8*r + 7. Calculate f(-4).
7
Let p(i) = i**2 + 22*i - 21. Determine p(-23).
2
Let d(a) = -a**3 + 10*a**2 - 4*a - 19. Calculate d(9).
26
Let a(x) = x**2 - 2*x - 4. Give a(4).
4
Let a(g) = -g**2 - 12*g - 3. Determine a(-10).
17
Let z(v) = 2*v**2 + 13*v + 16. Give z(-5).
1
Let x(f) = 12*f - 64. Calculate x(7).
20
Let p(x) = x**2 - 5*x + 7. Calculate p(-3).
31
Let n(a) = 3*a**2 + 5*a - 4. Determine n(4).
64
Let w(b) = 315*b - 317. Give w(1).
-2
Let d(a) = -a**3 - 10*a**2 - 9*a + 10. Calculate d(-7).
-74
Let u(z) = 2*z**2 + 5*z - 1. Calculate u(-3).
2
Let h(b) = b**3 - 7*b**2 + 8*b - 20. Give h(6).
-8
Let s(x) = -x**2 - 54*x - 206. What is s(-50)?
-6
Let l(n) = -n**3 + 5*n**2 - 3*n. What is l(3)?
9
Let c(z) = -z**3 - 5*z**2 + 7*z + 9. What is c(-6)?
3
Let a(n) = -n**3 - 9*n**2 - 8*n - 3. Give a(-6).
-63
Let c(h) = -h**3 - 10*h**2 + 10*h - 16. What is c(-11)?
-5
Let i(p) = 2*p**2 + p - 2. Give i(-2).
4
Let i(h) = h**3 + 11*h**2 + 12*h + 12. Calculate i(-10).
-8
Let b(a) = a**2 - a + 2. Give b(0).
2
Let m(a) = -a**3 - 4*a**2 + 9*a + 5. Calculate m(-6).
23
Let d(g) = 3*g + 24. Give d(-6).
6
Let s(w) = 4*w**3 + 8*w**2 + 8*w + 1. Determine s(-1).
-3
Let v(q) = -q**3 - 7*q**2 - 10*q + 12. What is v(-5)?
12
Let w(h) = h**3 + 12*h**2 + 11*h + 8. Determine w(-11).
8
Let u(d) = d**3 - 14*d**2 - 14*d + 9. Give u(15).
24
Let v(g) = 13*g**3 - g**2 + 3*g - 2. Determine v(1).
13
Let a(q) = q**3 - 17*q**2 + 26*q - 34. Calculate a(16).
126
Let r(p) = p**3 + 16*p**2 + p + 4. Calculate r(-16).
-12
Let k(r) = 3*r**3 + 14*r**2 + 9*r. Calculate k(-4).
-4
Let a(y) = -y**3 + 14*y**2 - y + 16. Determine a(14).
2
Let w(j) = 3*j**2 + 12*j + 1. What is w(-4)?
1
Let m(l) = l**2 + 9*l - 1. Determine m(-6).
-19
Let y(f) = -3*f**2 - 10*f + 41. Calculate y(-6).
-7
Let v(q) = q**3 - 4*q**2 - 2*q - 1. Give v(4).
-9
Let r(n) = 11*n**2 + 11*n + 15. Determine r(-2).
37
Let c(f) = 3*f + 5. What is c(-6)?
-13
Let c(m) = -m**3 + 14*m**2 - m + 22. Calculate c(14).
8
Let d(a) = 46*a - 91. Give d(2).
1
Let y(m) = -m**2 - 5*m + 8. What is y(-6)?
2
Let v(s) = -s**2 - 8*s - 13. Determine v(-9).
-22
Let z(q) = q**2 + 7*q - 12. Calculate z(-9).
6
Let p(j) = 2*j**2 - 21*j + 14. Calculate p(10).
4
Let g(d) = 4*d - 11. Determine g(2).
-3
Let i(d) = -d**2 + 9*d - 6. Give i(8).
2
Let w(s) = s - 12. What is w(1)?
-11
Let h(g) = g**3 - 4*g**2 - 9*g + 9. Calculate h(4).
-27
Let d(s) = -3*s + 2. Give d(9).
-25
Let b(s) = 4*s**2 + 6*s - 4. Give b(3).
50
Let r(h) = -h + 2. Determine r(-3).
5
Let d(m) = 10*m - 13. Determine d(-4).
-53
Let c(n) = 3*n + 77. What is c(-28)?
-7
Let q(s) = s**2 - 11*s - 6. Calculate q(13).
20
Let d(h) = -h**3 + 2*h**2 + 6*h - 1. Determine d(5).
-46
Let u(i) = -i**3 + 6*i**2 - 2*i - 3. What is u(4)?
21
Let i(u) = u**2 - u + 2. What is i(-2)?
8
Let v(d) = 2*d**2 + 15*d + 32. Calculate v(-3).
5
Let d(b) = -28*b + 98. Give d(4).
-14
Let y(p) = -2*p - 28. What is y(-11)?
-6
Let h(c) = -10*c - 9. What is h(-1)?
1
Let x(z) = 2*z + 60. What is x(11)?
82
Let y(w) = -3*w**3 - 57*w**2 - 3*w - 59. Calculate y(-19).
-2
Let x(u) = u**2 + 11*u + 25. Calculate x(-6).
-5
Let r(v) = 2*v**3 - 6*v**2 - 3*v. Determine r(5).
85
Let m(p) = p**3 + p**2 - 2*p + 3. What is m(-2)?
3
Let k(u) = -u**3 + 28*u**2 + 39. Calculate k(28).
39
Let k(y) = -y**2 + 4*y - 3. Determine k(5).
-8
Let s(i) = -2*i**2 + 26*i + 9. Determine s(13).
9
Let h(c) = -c**3 + 10*c - 17. Give h(2).
-5
Let r(w) = w + 4. Determine r(-4).
0
Let b(q) = -q**3 - 3*q**2 - 2*q - 3. What is b(-3)?
3
Let f(l) = 3*l - 23. Calculate f(9).
4
Let a(x) = -2*x - 35. Determine a(-19).
3
Let a(d) = 3*d**2 - 5*d - 8. Calculate a(4).
20
Let w(q) = q**3 + q**2 - 2*q - 2. Determine w(-3).
-14
Let p(w) = w**2 + 19*w + 60. Determine p(-14).
-10
Let i(o) = o - 2. What is i(5)?
3
Let m(p) = p**3 - 4*p**2 - 17*p + 26. Give m(6).
-4
Let k(j) = 13*j - 91. Calculate k(10).
39
Let c(o) = o**2 - 30*o + 227. Calculate c(15).
2
Let c(j) = 6*j + 6. Give c(2).
18
Let h(l)